 45.
9
Let m(j) = -41 + 4*j - 2*j + 36. Let d be m(7). Calculate the highest common divisor of 18 and d.
9
Suppose 24 = -4*m + 80. What is the highest common divisor of 98 and m?
14
Let m = 9 + 21. Let k = m + -18. Calculate the greatest common factor of k and 3.
3
Let a = -9 + 5. Let p be (-434)/a - (-6)/(-12). Let q = -16 + 28. What is the highest common divisor of p and q?
12
Suppose -5*d + 4*q + 28 = 0, -3*d + 2*q + 8 = -2*d. Suppose d*n - 72 = -12. What is the greatest common factor of n and 30?
15
Let b = 299 + -184. What is the greatest common divisor of b and 69?
23
Let l = -21 + 33. Let a = 14 - -10. What is the greatest common divisor of a and l?
12
Suppose 7*y = 4*y + 6, 2*y + 46 = 2*v. Suppose 1 = -3*n + u, 5*n + 0*u - 4 = -4*u. Let q be (n + 10)*20/8. What is the highest common factor of q and v?
25
Let n(q) = q**2 - 11*q. Let x be n(11). Let j(m) = m**3 + 6*m**2 - 8*m - 3. Let i be j(-7). Let t = i + x. What is the greatest common factor of t and 12?
4
Let o = -4 + 8. Let w = 67 - 31. Calculate the greatest common divisor of o and w.
4
Let y be ((-11)/(-2))/((-4)/(-8)). Suppose 5*f + y = 6*f. Let r be (-1)/(-2) + (-482)/(-4). Calculate the highest common factor of f and r.
11
Suppose -3*i + 94 = 5*v, -50 = -3*i + i + 3*v. Suppose 5*h = 5*a + 85, 0 = 2*h + 2*a - 22 - i. Calculate the highest common factor of h and 7.
7
Suppose 8 = 2*y - v, -3 = y + 4*v + 11. What is the greatest common factor of 8 and y?
2
Suppose l = -0*l + 77. Calculate the highest common factor of 7 and l.
7
Let k be 2 + 2 - (2 - 158)/6. Calculate the highest common factor of 12 and k.
6
Suppose 4*r - b + 3*b - 326 = 0, -r - 5*b = -95. What is the highest common factor of 20 and r?
20
Let i = 186 + -78. Suppose -k = -3 - 2. Suppose -48 = -k*z + z. What is the highest common divisor of i and z?
12
Suppose -12 + 4 = r. Let y = r - -26. Suppose -4*m = 5*q - 11 - 16, -y = -4*q - 5*m. Calculate the greatest common divisor of q and 1.
1
Suppose 3*f - 118 = 77. Suppose 3*n = -n + 16. Suppose -3*s - 121 = -5*t, 3*t - n*t - 4*s + 38 = 0. What is the greatest common factor of f and t?
13
Suppose -p + 30 = 12. What is the highest common factor of 162 and p?
18
Let n = -111 - -126. Let h be (-33)/(-7) - 4/(-14). Calculate the highest common divisor of h and n.
5
Suppose 2*w = 4*z + 14, -11*w + 59 = -6*w + 2*z. Calculate the greatest common factor of 297 and w.
11
Suppose v + 2*v = 3*g - 3, 2*g - 23 = -5*v. Let i = 19 + -9. What is the highest common factor of i and g?
2
Suppose -3*n - 3*d + 6*d = -9, 5*n = 3*d + 19. Suppose 6 = n*s - 9. Calculate the highest common divisor of s and 24.
3
Let j(f) = -f**2 - 15*f - 2. Let c be j(-10). What is the highest common divisor of c and 32?
16
Let z(g) = -17*g - 2. Let x be z(-6). Suppose -3*u + x + 62 = 0. What is the greatest common divisor of 6 and u?
6
Suppose -5 = g - 3*j - 0, -4*j = -12. Let y(h) = 11*h - 2. Let p be y(g). Calculate the greatest common factor of 63 and p.
21
Suppose r + 26 = 5*f, f - 3*r = -3*f + 12. Suppose -j + 0*j - 5*i = -28, 3*i = -12. Calculate the greatest common factor of f and j.
6
Suppose -11*r + 250 = -36. What is the greatest common divisor of 91 and r?
13
Suppose 53 = 4*j - 43. Let b = 52 - j. What is the highest common divisor of 7 and b?
7
Suppose x + 11 = 45. What is the highest common factor of x and 34?
34
Suppose -45 + 120 = 5*c. Calculate the highest common factor of c and 60.
15
Let c = 29 + -54. Let x = -16 - c. Calculate the greatest common divisor of 27 and x.
9
Suppose 5*g - 3*u + 33 = 0, 2*g + u = -0*g - 11. Let z = g - -11. Suppose -31 = -l + z. What is the greatest common divisor of 9 and l?
9
Let m = 22 + -2. Let k be (-8)/(-44) + 108/11. What is the highest common divisor of m and k?
10
Suppose q + 4*z - 48 = -0*q, 4*q + z = 117. Let j(i) = i**3 - 7*i**2 + 3*i - 17. Let m be j(7). What is the highest common factor of m and q?
4
Suppose 0 = 3*m - 0*m + 9. Let y = 7 + m. Let u be 43 - (-2 + 0 - -1). What is the highest common factor of u and y?
4
Suppose 0 = -4*u - v + 2201, -3*u - 2*v + 1662 = v. What is the highest common divisor of u and 61?
61
Suppose -4*j + 234 = -6. What is the highest common divisor of 24 and j?
12
Let t = 34 - 13. Calculate the highest common factor of t and 21.
21
Let l = 10 + 1. Calculate the greatest common divisor of 44 and l.
11
Suppose -5*n = 8 - 33. What is the highest common divisor of n and 20?
5
Suppose 2*m - 112 = 4*q, -4*m - 294 = -9*m - 4*q. Calculate the greatest common divisor of 145 and m.
29
Let x = 302 + -292. Suppose 0*j - 5 = -j. Suppose -2*w + 10 = j*b, 0 = 5*w - 2*b - 0*b - 83. Calculate the greatest common factor of x and w.
5
Suppose 5*v - 113 - 66 = -3*j, 3*j = -2*v + 77. Let q(o) = -o**2 + 27*o - 6. Let b be q(11). Calculate the highest common factor of v and b.
34
Suppose -2*x - 10 - 8 = 0. Let o be 4/(-18) - 407/x. Let b = 36 - 21. What is the highest common factor of o and b?
15
Suppose 0 = -t + 2*t - 4. Let k(o) = t - o**2 - 2*o**2 + 4*o**2. Let u be k(6). Calculate the greatest common divisor of u and 5.
5
Let t(g) = 15*g. Let r be t(1). Let h(z) = 2*z + 44. Let l be h(8). Calculate the highest common factor of l and r.
15
Suppose 0 = 6*g + 146 - 668. Let v = 6 + -4. Let j be 1/(g/(-45) + v). Calculate the highest common divisor of 75 and j.
15
Let n be ((-22)/(-6) - 3)*12. Calculate the highest common divisor of n and 56.
8
Let n = -68 - -103. Calculate the highest common factor of n and 14.
7
Let s be (-4)/(-2 + -2) - -4. Suppose -4*t = -81 - 139. Calculate the highest common divisor of s and t.
5
Let b be -66*-3*(-1)/(-2). Suppose -3*z = -8*z + 55. Calculate the highest common factor of z and b.
11
Let a be ((-3)/6)/(86/(-84) + 1). Let p be 1138/18 + (-4)/18. What is the highest common factor of a and p?
21
Let x(q) = 11*q - 16. Let y be x(6). Calculate the greatest common divisor of y and 10.
10
Let y be (-1)/(39/(-18) - -2). Suppose c + 105 = 4*l - 4*c, -2*c = -y. What is the greatest common divisor of l and 12?
6
Suppose -16*u - 300 = -19*u. Calculate the highest common divisor of u and 250.
50
Suppose -3*q = 3, 0*q + 5*q + 5 = -t. Suppose -52 = -t*y - 4*y. Calculate the highest common factor of 143 and y.
13
Let a = -22 - -46. What is the greatest common divisor of a and 8?
8
Let h(q) = 2*q - 7. Let k be h(11). Let z(s) = 2*s - 1. Let d be z(3). What is the greatest common factor of k and d?
5
Let t be 4/18 + (-112)/18. Let h be (27/(-6) - 1)*t. Calculate the greatest common factor of h and 22.
11
Let q be (-4)/(-14) - 130/(-35). Let x be q + (2 + -2 - 1). What is the greatest common factor of 24 and x?
3
Suppose 0 = 4*t - 5*t + 60. Let o be 1/(0 - (-1)/15). Suppose 0*n = -n + o. Calculate the highest common divisor of t and n.
15
Let o be (86/10)/(3/15). Suppose 3*l + o - 167 = 4*z, -155 = -4*l - 5*z. What is the greatest common factor of l and 10?
10
Suppose 6*w - 3*w - 3 = 0. Suppose -d - 178 = -179. Calculate the highest common factor of d and w.
1
Suppose 7*v - 1180 = 2*v. Suppose -8*w = -4*w - v. Let n = w + -11. What is the highest common factor of 32 and n?
16
Suppose 3*z - 115 = -b - 2*z, 2*b - 206 = 2*z. What is the greatest common factor of 42 and b?
21
Let l(z) = -45*z. Let m be l(-1). What is the highest common divisor of 45 and m?
45
Suppose 0*j - 4 = 2*j, 4*j = 3*a - 14. Suppose 3*v = -a*v + 45. Suppose -4*d + 4*s = -184, -3*s + 0*s - 48 = -d. Calculate the highest common factor of v and d.
9
Suppose 2*b - q = 27, -5*b + 0*q + 72 = -q. Calculate the highest common divisor of b and 3.
3
Suppose -2*w - 20 = -0*w. Let j = 46 + w. Let d be 2/(-12) + 75/18. Calculate the greatest common factor of d and j.
4
Let r(s) = -s - 3. Let i be r(-5). Suppose 6 = i*u + u. What is the greatest common factor of u and 2?
2
Suppose 4*o + 2 = 2*n - 146, 182 = 3*n + 4*o. Calculate the highest common factor of 6 and n.
6
Let v be (3/2)/(3/92). Calculate the highest common divisor of v and 368.
46
Let t be (-4)/(-2)*45/18. Let n = -15 + 22. Let a = n - t. What is the highest common divisor of a and 2?
2
Suppose 0 = 5*w + 2*w - 56. Let i be 1582/w - 3/(-12). Calculate the highest common factor of 18 and i.
18
Let p(z) = -6*z - 6. Let s be p(-5). Suppose -r + 10 = m, -s = -m + 2*r - 5. Calculate the highest common factor of m 